2*n - 196, -u*h + 5*n = -c. What is the units digit of h?
4
Suppose 73 - 5 = 17*l. Let h be (166/(-4))/((-3)/6). Suppose h + 57 = l*q. What is the units digit of q?
5
What is the thousands digit of ((-6)/12)/((-5)/(55 - 5)) + 65389?
5
Let m(u) = -1704*u + 984. What is the units digit of m(-14)?
0
What is the tens digit of (-2107236)/(-264) + (-1)/(-22)?
8
Let m = -128 + 128. Suppose 5*f - 9*f + 3*c + 108 = 0, c - 4 = m. Let v = f - -224. What is the tens digit of v?
5
Suppose -10*l = -3*u - 9*l + 9887, 2*u - 5*l - 6587 = 0. What is the hundreds digit of u?
2
Suppose 19332 = 43*v - 582109. What is the hundreds digit of v?
9
Suppose -881 = f - 4*i - 3552, 5*i = 40. What is the thousands digit of f?
2
Let u = 373 - 370. Suppose -12*f - 2217 = -5*p - 13*f, -1323 = -3*p + u*f. What is the tens digit of p?
4
What is the hundreds digit of (-125446)/(6/(-3)) + (-16 - -7)?
7
Let f be 0/((4/4)/1). Let l be f*3/27*-3. Suppose n + 7 - 37 = l. What is the units digit of n?
0
Let j(q) = 142*q**3 - 2*q + 2. Let s be j(2). Suppose -9*u + s = -8*u. What is the tens digit of u?
3
Suppose 0 = 19*k - 134*k - 57*k + 1988492. What is the hundreds digit of k?
5
Let w(r) be the first derivative of 13*r**5/60 - r**4/24 + 2*r**3/3 - 21*r**2 + 22. Let l(t) be the second derivative of w(t). What is the units digit of l(3)?
8
Let m(g) = -53*g - 115. Let a(h) = -27*h - 57. Let d(r) = 5*a(r) - 2*m(r). What is the tens digit of d(-7)?
4
Suppose 8*g - 114 = -34. Let a(y) = 5*y**2 - 18*y - 20. What is the tens digit of a(g)?
0
Let r(y) = -y**3 - 39*y**2 - 25*y + 32. Let t be r(-38). What is the tens digit of t*(2/14 - 1)?
9
Let d = -42 - -42. Suppose d = 4*g + 1 - 9. Suppose 5*i = -g*v + 133, 20 = 4*v - 3*i - 181. What is the units digit of v?
4
Let x = 2 - 2. Let h be (60/(-5))/(-2) - (-324 - 4). Suppose -4*u + h + 538 = x. What is the tens digit of u?
1
Let j(q) = -q**3 - 5*q**2 - 5*q - 3. Let u be j(-2). What is the hundreds digit of 411 + -4*(-4 - u)?
4
Let q(k) = 2*k**2 - 60*k - 235. What is the tens digit of q(-39)?
4
Let k(u) = -354 + 419 + 3*u - 11*u. Let c be k(6). What is the hundreds digit of c*(-21)/6*(0 + -2)?
1
Suppose 2139699 = 80*i + 45*i - 1242426. What is the units digit of i?
7
Suppose -4*v - 13141 = j, 10*v + 9852 = 7*v + 3*j. Let k = -2310 - v. What is the tens digit of k?
7
Let h(g) = -2*g - 9. Suppose -10*p + 88 = p. Let r be h(p). What is the tens digit of 5/r + 843/15?
5
Let r(q) = 14*q**2 - 3 - 10*q**2 + 13*q**3 - q - 14*q**3. Let w be r(2). Suppose -w*u - 2*c + 4*c + 264 = 0, -2*c = u - 96. What is the units digit of u?
0
What is the hundreds digit of (3 + 129249/63)/((-12)/(-56))?
5
Let n(o) = -1069*o - 338. What is the hundreds digit of n(-1)?
7
Suppose -252 = -r + 3*w, -12*r + 9*r + 743 = 4*w. Let t = r - 51. What is the tens digit of t?
9
Let c(t) = -5677*t**3 - 10*t**2 - 9*t - 1. What is the tens digit of c(-1)?
7
Let l(w) = 8*w**2 + 18*w + 33. Let c be l(-19). Suppose 51*u = 25886 - c. What is the units digit of u?
7
Suppose -b - 1 = 4. Let p be (-2 - b/1) + 1. Suppose 4*s - 159 = -4*v + 161, -p*s + 335 = v. What is the units digit of s?
5
Suppose 80 + 20 = 25*q. Suppose -2*c + 806 = 4*w, q*w + 798 = -0*c + 2*c. What is the hundreds digit of c?
4
Suppose 4*c + 3*v = v + 40, -4*v = -2*c + 40. What is the tens digit of 2730/(-13)*(-76)/c?
3
What is the hundreds digit of (-168)/(-9)*(7 - 5*-100)?
4
Let b be 4/(-5) + 9/(-45). What is the hundreds digit of -10*((-2167)/55)/(b/(-3))?
1
Let u be (5/(-3))/(4*1/3816). Let v = 2548 + u. What is the hundreds digit of v?
9
Let k(u) = -u**3 + 12*u**2 - 14*u + 9. Suppose 0*y = -5*y + 30. Let l be 6*1 - (-9 + y). What is the tens digit of k(l)?
2
Suppose 288*f + 16108 - 700389 = 119*f. What is the tens digit of f?
4
What is the ten thousands digit of ((-264)/18*33/110)/(3/(-22710))?
3
What is the thousands digit of -1055*((-208)/112 - (-5)/(-35))?
2
Let r(f) = 2*f - 4. Let t be r(19). Suppose t*a = 11*a + 1081. What is the units digit of a?
7
Let s(d) = 21*d**3 + 432*d**2 + 17*d - 5. What is the tens digit of s(-18)?
8
Suppose 3*k - k = -4*k. Suppose k = -4*v - x - 77, -94 = 5*v + x - 2*x. Let u = v - -129. What is the hundreds digit of u?
1
What is the tens digit of -14 + (-5)/((-80)/465936)?
0
Suppose 0 = -3*u + 15, -4*f - 3*u + 36 = -15. Suppose 0 = -4*x - l + f + 11, -8 = -5*x + 3*l. Suppose 178 = x*p - 106. What is the units digit of p?
1
Let d be (-2)/(-5) + (-1)/((-25)/539490). What is the hundreds digit of ((d/(-35))/(-13))/(4/14)?
1
Let m = 44 + -30. Let x(k) = -k**3 - 2*k**2 - 41*k - 208. Let l be x(-6). Suppose l = m*b - 84. What is the units digit of b?
9
Suppose -3*f + 26254 - 4500 = 4*x, -2*f + 3*x + 14531 = 0. What is the units digit of f?
8
Suppose -4*l = -i - 12, -2*i + 0*i = l - 3. Let g(b) = -6*b - l + 35*b**2 - 19 - 3*b + 8. What is the hundreds digit of g(-2)?
1
Let v = -4638 + -5506. What is the hundreds digit of (20/(-8) + 4)*v/(-24)?
6
Let m(x) = -12*x + 22. Let s be m(-7). Let r = s + 220. Suppose 7*h - r = 5*h. What is the tens digit of h?
6
Let r(z) = z**3 - 33*z**2 + 32*z + 4. Let g be r(32). Suppose -g*u - 2*o = o - 965, 0 = -2*u - 5*o + 493. What is the units digit of u?
9
Let q = -9973 - -16806. What is the thousands digit of q?
6
Let f(a) = 361*a**3 - 3*a**2 - 15*a + 34. What is the hundreds digit of f(3)?
7
Suppose 794988 = 164*m - 658380. What is the units digit of m?
2
Let b = -173 - -101. Let w = b - -251. What is the tens digit of w?
7
Let r(w) = -38*w - 27. Let c be r(-6). Let u = -3 + c. What is the units digit of u?
8
Suppose -24*o = 37*o - 1333704. What is the hundreds digit of o?
8
Suppose -4*l + 15*u + 60 = 17*u, -75 = -5*l + 2*u. Suppose 0 = -4*t + 2*z + 182, -3*t + z = l - 152. What is the units digit of t?
6
Let m = 70 + -70. Suppose 12*n + 3*i = 14*n - 141, 4*n - 3*i - 291 = m. What is the tens digit of n?
7
Let g(l) = -271*l + 3323. What is the tens digit of g(-21)?
1
Suppose 0 = -0*q + 12*q + 12. What is the units digit of (q - -3)/((-114)/(-6213))?
9
Suppose -167*d + 207*d = 1443320. What is the units digit of d?
3
Let d = 81 - 66. Let z = 97 - d. What is the tens digit of z?
8
Suppose -47*b + 369530 = 57074. What is the thousands digit of b?
6
Let l = 114 + -107. What is the units digit of 1/l*-1 - 60350/(-70)?
2
Suppose 0 = -181*g + 186*g - 100. Suppose -g = -r - u + 2, u + 24 = r. What is the tens digit of r?
2
Let q(s) = -6*s**2 + 9*s - 11. Let z be q(8). Let f = z + 712. What is the units digit of f?
9
Let x(u) = u**3 - 21*u**2 + 19*u + 2. Let v be x(20). Let z(c) be the second derivative of c**4/12 + 4*c**3/3 + 4*c**2 + 8*c. What is the units digit of z(v)?
8
Let x = 664 + -646. Suppose -13*d = -x*d + 7935. What is the thousands digit of d?
1
What is the ten thousands digit of 2*-1 + 25606 + (24 - (-5 - -25))?
2
Suppose 0 = -223*a + 234*a - 60742. What is the units digit of a?
2
Let l(j) = -145*j - 1839. What is the thousands digit of l(-25)?
1
Let r be (-10)/6*(9316 + -37). What is the hundreds digit of 4 + (-108)/30 + r/(-25)?
6
Suppose 0 = -218*n + 138*n + 1092720. What is the ten thousands digit of n?
1
Suppose 40*l + 5*o - 18235 = 35*l, 2*l + 4*o - 7294 = 0. What is the tens digit of l?
4
Let g = 192 + -69. Let z = -104 + g. Suppose -z*b - 1043 = -26*b. What is the units digit of b?
9
Suppose 7*x + 178 + 88 = 0. Let p = x + 41. Suppose -p*y + 150 = -111. What is the units digit of y?
7
Suppose -j = -2*i + 10776 - 46396, 4*j - 142460 = -2*i. What is the hundreds digit of j?
6
Let p be 194/4*(-7 + 20/4). What is the hundreds digit of (11 - 9) + (1 - (p + 0))?
1
Let s(w) = 3986*w - 7966. What is the thousands digit of s(7)?
9
Let i(k) = 49*k**2 + 5*k + 11. Let v(u) = -10*u**2 - u - 2. Suppose 17*q = 16*q - 11. Let n(c) = q*v(c) - 2*i(c). What is the units digit of n(2)?
0
Suppose 3*i + 249 = 309. Suppose 2*j - 3*a - 23 = i, 10 = 2*a. What is the tens digit of j?
2
Let s(y) = -4*y + 8. Let m be s(3). What is the units digit of (21/(-9))/(m/12)?
7
Suppose 0*f + 4*f - 8 = 0. Suppose -5*j = 4*n + 10 + 6, -f*j + 16 = -4*n. What is the units digit of n/(-4) - (0 + -70)?
1
Suppose 5*i - 5*s - 1926 - 7879 = 0, -9805 = -5*i + 2*s. Suppose 309 = k - 5*y - 150, -5*y + i = 4*k. What is the units digit of k?
4
Let l be (0 - -6) + 6 + 3554. Suppose 5*u - 4435 =